{"id":248,"date":"2017-03-24T11:21:21","date_gmt":"2017-03-24T10:21:21","guid":{"rendered":"http:\/\/www.chimeraoro.it\/?page_id=248"},"modified":"2017-07-20T10:55:02","modified_gmt":"2017-07-20T08:55:02","slug":"servizi","status":"publish","type":"page","link":"https:\/\/chimeraoro.it\/?page_id=248","title":{"rendered":"servizi"},"content":{"rendered":"<p>[vc_row row_type=&#8221;row&#8221; use_row_as_full_screen_section=&#8221;no&#8221; type=&#8221;full_width&#8221; text_align=&#8221;left&#8221; css_animation=&#8221;&#8221; css=&#8221;.vc_custom_1458818136769{padding-top: 2% !important;}&#8221;][vc_column][vc_single_image image=&#8221;249&#8243; img_size=&#8221;full&#8221; alignment=&#8221;center&#8221; qode_css_animation=&#8221;&#8221;][\/vc_column][\/vc_row][vc_row row_type=&#8221;row&#8221; use_row_as_full_screen_section=&#8221;no&#8221; type=&#8221;full_width&#8221; text_align=&#8221;left&#8221; background_color=&#8221;#ffffff&#8221; css_animation=&#8221;&#8221;][vc_column][vc_empty_space height=&#8221;40px&#8221;][vc_column_text]<\/p>\n<h3 style=\"text-align: center;\">AL SERVIZIO DELLA CREATIVIT\u00c0 DEI NOSTRI CLIENTI<\/h3>\n<p>[\/vc_column_text][vc_empty_space height=&#8221;40px&#8221;][\/vc_column][\/vc_row][vc_row row_type=&#8221;row&#8221; use_row_as_full_screen_section=&#8221;no&#8221; type=&#8221;full_width&#8221; text_align=&#8221;left&#8221; css_animation=&#8221;&#8221;][vc_column][qode_elements_holder number_of_columns=&#8221;two_columns&#8221;][qode_elements_holder_item background_image=&#8221;250&#8243; item_padding=&#8221;11% 0&#8243; item_padding_1280_1600=&#8221;11% 0&#8243; item_padding_1024_1280=&#8221;13% 0&#8243; item_padding_768_1024=&#8221;13% 0&#8243;][vc_empty_space height=&#8221;300px&#8221;][\/qode_elements_holder_item][qode_elements_holder_item background_color=&#8221;#f7f7f7&#8243; item_padding=&#8221;5% 17% 5% 15%&#8221; item_padding_1280_1600=&#8221;5% 17% 5% 15%&#8221; item_padding_1024_1280=&#8221;5% 7%&#8221; item_padding_768_1024=&#8221;5% 7%&#8221; item_padding_600_768=&#8221;5% 7%&#8221; item_padding_480_600=&#8221;10% 7%&#8221; item_padding_480=&#8221;10% 7%&#8221;][vc_empty_space height=&#8221;22px&#8221;][vc_column_text]<\/p>\n<p style=\"text-align: center;\">CHIMERAORO CONCRETIZZA LE IDEE DEL CLIENTE ATTRAVERSO UNO STUDIO PRECISO DEI MATERIALI E DELLE LAVORAZIONI, PONENDO UN\u2019ATTENZIONE PARTICOLARE AI PROCESSI PRODUTTIVI E GESTIONALI.<\/p>\n<p>[\/vc_column_text][vc_empty_space height=&#8221;45px&#8221;][\/qode_elements_holder_item][\/qode_elements_holder][\/vc_column][\/vc_row][vc_row row_type=&#8221;row&#8221; use_row_as_full_screen_section=&#8221;no&#8221; type=&#8221;full_width&#8221; text_align=&#8221;left&#8221; css_animation=&#8221;&#8221;][vc_column][qode_elements_holder number_of_columns=&#8221;two_columns&#8221;][qode_elements_holder_item background_color=&#8221;#f7f7f7&#8243; item_padding=&#8221;5% 17% 5% 15%&#8221; item_padding_1280_1600=&#8221;5% 17% 5% 15%&#8221; item_padding_1024_1280=&#8221;5% 7%&#8221; item_padding_768_1024=&#8221;5% 7%&#8221; item_padding_600_768=&#8221;5% 7%&#8221; item_padding_480_600=&#8221;10% 7%&#8221; item_padding_480=&#8221;10% 7%&#8221;][vc_empty_space height=&#8221;22px&#8221;][vc_column_text]<\/p>\n<p style=\"text-align: center;\">L\u2019AZIENDA SI AVVALE DI PERSONALE INTERNO ALTAMENTE QUALIFICATO E DI UNA RETE DI FORNITORI SELEZIONATI NEGLI ANNI PER OFFRIRE METODOLOGIE DI LAVORAZIONE DIVERSIFICATE CON ACCURATI CONTROLLI QUALIT\u00c0 IN OGNI FASE.<\/p>\n<p>[\/vc_column_text][vc_empty_space height=&#8221;45px&#8221;][\/qode_elements_holder_item][qode_elements_holder_item background_image=&#8221;417&#8243; item_padding=&#8221;11% 0&#8243; item_padding_1280_1600=&#8221;11% 0&#8243; item_padding_1024_1280=&#8221;13% 0&#8243; item_padding_768_1024=&#8221;13% 0&#8243;][vc_empty_space height=&#8221;300px&#8221;][\/qode_elements_holder_item][\/qode_elements_holder][\/vc_column][\/vc_row][vc_row row_type=&#8221;row&#8221; use_row_as_full_screen_section=&#8221;no&#8221; type=&#8221;full_width&#8221; text_align=&#8221;left&#8221; css_animation=&#8221;&#8221;][vc_column][qode_elements_holder number_of_columns=&#8221;two_columns&#8221;][qode_elements_holder_item background_image=&#8221;416&#8243; item_padding=&#8221;11% 0&#8243; item_padding_1280_1600=&#8221;11% 0&#8243; item_padding_1024_1280=&#8221;13% 0&#8243; item_padding_768_1024=&#8221;13% 0&#8243;][vc_empty_space height=&#8221;300px&#8221;][\/qode_elements_holder_item][qode_elements_holder_item background_color=&#8221;#f7f7f7&#8243; item_padding=&#8221;5% 17% 5% 15%&#8221; item_padding_1280_1600=&#8221;5% 17% 5% 15%&#8221; item_padding_1024_1280=&#8221;5% 7%&#8221; item_padding_768_1024=&#8221;5% 7%&#8221; item_padding_600_768=&#8221;5% 7%&#8221; item_padding_480_600=&#8221;10% 7%&#8221; item_padding_480=&#8221;10% 7%&#8221;][vc_empty_space height=&#8221;22px&#8221;][vc_column_text]<\/p>\n<p style=\"text-align: center;\">L\u2019INCONTRO TRA TRADIZIONE E INNOVAZIONE GENERA ESCLUSIVIT\u00c0 PER I NOSTRI CLIENTI.<\/p>\n<p>[\/vc_column_text][vc_empty_space height=&#8221;45px&#8221;][\/qode_elements_holder_item][\/qode_elements_holder][\/vc_column][\/vc_row][vc_row row_type=&#8221;row&#8221; use_row_as_full_screen_section=&#8221;no&#8221; type=&#8221;full_width&#8221; text_align=&#8221;left&#8221; css_animation=&#8221;&#8221;][vc_column][qode_elements_holder number_of_columns=&#8221;two_columns&#8221;][qode_elements_holder_item background_color=&#8221;#f7f7f7&#8243; item_padding=&#8221;5% 17% 5% 15%&#8221; item_padding_1280_1600=&#8221;5% 17% 5% 15%&#8221; item_padding_1024_1280=&#8221;5% 7%&#8221; item_padding_768_1024=&#8221;5% 7%&#8221; item_padding_600_768=&#8221;5% 7%&#8221; item_padding_480_600=&#8221;10% 7%&#8221; item_padding_480=&#8221;10% 7%&#8221;][vc_empty_space height=&#8221;22px&#8221;][vc_column_text]<\/p>\n<p style=\"text-align: center;\">IMPIANTI E TECNOLOGIE ALL\u2019AVANGUARDIA SI UNISCONO E CRESCONO AI MASSIMI LIVELLI INSIEME A\u00a0RISORSE UMANE FORTEMENTE MOTIVATE E CAPACI DI COGLIERE LE ESIGENZE DEL CLIENTE.<\/p>\n<p>[\/vc_column_text][vc_empty_space height=&#8221;45px&#8221;][\/qode_elements_holder_item][qode_elements_holder_item background_image=&#8221;252&#8243; item_padding=&#8221;11% 0&#8243; item_padding_1280_1600=&#8221;11% 0&#8243; item_padding_1024_1280=&#8221;13% 0&#8243; item_padding_768_1024=&#8221;13% 0&#8243;][vc_empty_space height=&#8221;300px&#8221;][\/qode_elements_holder_item][\/qode_elements_holder][\/vc_column][\/vc_row][vc_row row_type=&#8221;row&#8221; use_row_as_full_screen_section=&#8221;no&#8221; type=&#8221;full_width&#8221; text_align=&#8221;left&#8221; css_animation=&#8221;&#8221;][vc_column][qode_elements_holder number_of_columns=&#8221;two_columns&#8221;][qode_elements_holder_item background_image=&#8221;251&#8243; item_padding=&#8221;11% 0&#8243; item_padding_1280_1600=&#8221;11% 0&#8243; item_padding_1024_1280=&#8221;13% 0&#8243; item_padding_768_1024=&#8221;13% 0&#8243;][vc_empty_space height=&#8221;300px&#8221;][\/qode_elements_holder_item][qode_elements_holder_item background_color=&#8221;#f7f7f7&#8243; item_padding=&#8221;5% 17% 5% 15%&#8221; item_padding_1280_1600=&#8221;5% 17% 5% 15%&#8221; item_padding_1024_1280=&#8221;5% 7%&#8221; item_padding_768_1024=&#8221;5% 7%&#8221; item_padding_600_768=&#8221;5% 7%&#8221; item_padding_480_600=&#8221;10% 7%&#8221; item_padding_480=&#8221;10% 7%&#8221;][vc_empty_space height=&#8221;22px&#8221;][vc_column_text]<\/p>\n<p style=\"text-align: center;\">GRAZIE AD ACCURATI CONTROLLI IN OGNI FASE DELLA LAVORAZIONE L\u2019AZIENDA \u00c8 IN GRADO DI OFFRIRE UN PRODOTTO DI ALTISSIMA QUALIT\u00c0, NEL SEGNO DELLA COMPETITIVIT\u00c0 E NEL RISPETTO DEI TEMPI DI CONSEGNA PIANIFICATI.<\/p>\n<p>[\/vc_column_text][vc_empty_space height=&#8221;45px&#8221;][\/qode_elements_holder_item][\/qode_elements_holder][\/vc_column][\/vc_row][vc_row row_type=&#8221;row&#8221; use_row_as_full_screen_section=&#8221;no&#8221; type=&#8221;full_width&#8221; text_align=&#8221;left&#8221; css_animation=&#8221;&#8221;][vc_column][vc_single_image image=&#8221;244&#8243; img_size=&#8221;full&#8221; alignment=&#8221;center&#8221; qode_css_animation=&#8221;&#8221;][\/vc_column][\/vc_row]<\/p>\n","protected":false},"excerpt":{"rendered":"<p>[vc_row row_type=&#8221;row&#8221; use_row_as_full_screen_section=&#8221;no&#8221; type=&#8221;full_width&#8221; text_align=&#8221;left&#8221; css_animation=&#8221;&#8221; css=&#8221;.vc_custom_1458818136769{padding-top: 2% !important;}&#8221;][vc_column][vc_single_image image=&#8221;249&#8243; img_size=&#8221;full&#8221; alignment=&#8221;center&#8221; qode_css_animation=&#8221;&#8221;][\/vc_column][\/vc_row][vc_row row_type=&#8221;row&#8221; use_row_as_full_screen_section=&#8221;no&#8221; type=&#8221;full_width&#8221; text_align=&#8221;left&#8221; background_color=&#8221;#ffffff&#8221; css_animation=&#8221;&#8221;][vc_column][vc_empty_space height=&#8221;40px&#8221;][vc_column_text] AL SERVIZIO DELLA CREATIVIT\u00c0 DEI NOSTRI CLIENTI [\/vc_column_text][vc_empty_space height=&#8221;40px&#8221;][\/vc_column][\/vc_row][vc_row row_type=&#8221;row&#8221; use_row_as_full_screen_section=&#8221;no&#8221; type=&#8221;full_width&#8221; text_align=&#8221;left&#8221; css_animation=&#8221;&#8221;][vc_column][qode_elements_holder number_of_columns=&#8221;two_columns&#8221;][qode_elements_holder_item background_image=&#8221;250&#8243; item_padding=&#8221;11% 0&#8243; item_padding_1280_1600=&#8221;11% 0&#8243; item_padding_1024_1280=&#8221;13% 0&#8243; item_padding_768_1024=&#8221;13% 0&#8243;][vc_empty_space height=&#8221;300px&#8221;][\/qode_elements_holder_item][qode_elements_holder_item&#8230;<\/p>\n","protected":false},"author":1,"featured_media":0,"parent":0,"menu_order":0,"comment_status":"closed","ping_status":"closed","template":"full_width.php","meta":{"footnotes":""},"class_list":["post-248","page","type-page","status-publish","hentry"],"_links":{"self":[{"href":"https:\/\/chimeraoro.it\/index.php?rest_route=\/wp\/v2\/pages\/248"}],"collection":[{"href":"https:\/\/chimeraoro.it\/index.php?rest_route=\/wp\/v2\/pages"}],"about":[{"href":"https:\/\/chimeraoro.it\/index.php?rest_route=\/wp\/v2\/types\/page"}],"author":[{"embeddable":true,"href":"https:\/\/chimeraoro.it\/index.php?rest_route=\/wp\/v2\/users\/1"}],"replies":[{"embeddable":true,"href":"https:\/\/chimeraoro.it\/index.php?rest_route=%2Fwp%2Fv2%2Fcomments&post=248"}],"version-history":[{"count":25,"href":"https:\/\/chimeraoro.it\/index.php?rest_route=\/wp\/v2\/pages\/248\/revisions"}],"predecessor-version":[{"id":571,"href":"https:\/\/chimeraoro.it\/index.php?rest_route=\/wp\/v2\/pages\/248\/revisions\/571"}],"wp:attachment":[{"href":"https:\/\/chimeraoro.it\/index.php?rest_route=%2Fwp%2Fv2%2Fmedia&parent=248"}],"curies":[{"name":"wp","href":"https:\/\/api.w.org\/{rel}","templated":true}]}}